**5 + 0 - c*l**2 + 0*l**3 - 1/24*l**4. Give n(-1).
0
Suppose -10 = -7*g + 5*g. Let y(n) = -n**3 + 6*n**2 - 3*n - 7. Calculate y(g).
3
Let r = -2 - -4. Let u be r/(-6) - 12/(-9). Let c(k) = -6*k - 1. What is c(u)?
-7
Suppose 0 = -3*x + 3, 1 = -2*c + 5*x - 76. Suppose -8 = 2*i - i. Let v be c/16 + (-2)/i. Let b(g) = g. Determine b(v).
-2
Let f(l) = -4*l**2 + 7*l + 4. Let c(d) = 3*d**2 - 6*d - 3. Let z(i) = 5*c(i) + 4*f(i). Suppose 30 = y + 4*y. Suppose k + 2*k + y = 0. Calculate z(k).
1
Let b(z) be the second derivative of -2*z + 0 + 5/6*z**3 + 1/12*z**4 - 1/2*z**2. Let d = -17 - -12. Calculate b(d).
-1
Let o(d) = d**3 + d**2 - 2*d - 1. Suppose 3*g - 22 = -4. Let z be (-81)/g*4/(-6). Suppose -5*t + 4*k + z = 3, 5*t = -4*k - 26. Calculate o(t).
-1
Let u(d) = d**2 + 3*d + 3. Let i(v) = -v**2 - 4*v + 16. Let x be i(-7). What is u(x)?
13
Let n(s) = -6 - 3*s + s**3 - 13*s**2 - 19*s**2 + 36*s**2. Give n(-4).
6
Let y = -1 - 1. Let t be y/(-5) + (-34)/10. Let q(o) = 0*o**2 + 0*o + o + o**2. Give q(t).
6
Suppose -3 = -f - 1. Suppose -f*j + j = -5. Let w(o) = o - 3. Give w(j).
2
Let x(o) = -20*o**3 - 5*o**2 - 5*o + 9. Suppose 2*v = -1 - 3. Let p(c) = -5*c**3 - c**2 - c + 2. Let r(t) = v*x(t) + 9*p(t). Calculate r(-1).
5
Let z(m) be the second derivative of m**3 - 3*m**2/2 + 4*m. Calculate z(3).
15
Let u(b) = -b**3 - b**2. Let d be u(0). Let l(j) = -5*j**2 + 6*j + 3. Let s(q) = q**2 - q. Let c(w) = l(w) + 6*s(w). Calculate c(d).
3
Let b(m) = -4*m**3 - 7*m**2 + 0 - 6*m + 3*m**3 + 6. Let j(r) = 5*r - 1. Let q be j(-1). Determine b(q).
6
Let z be 6/3 - 0*(-2)/(-4). Let f(l) = -l**2 + 3*l - 2. Determine f(z).
0
Let f be (2/(-2) + -1)*2/4. Let w(c) be the third derivative of -c**5/12 + 3*c**2. Determine w(f).
-5
Let g(p) = 4*p - 2. Let u = 18 + -16. Let h(n) = -1. Let x = 2 - 1. Let d(m) = u*h(m) + x*g(m). Calculate d(3).
8
Let u = -30 + 27. Suppose 14 = -3*d - 5*h - 12, d + 5 = 2*h. Let p = d - u. Let b(r) = -r**3 - 3*r**2 + 5*r - 3. Give b(p).
-7
Let x = -16 - -77. Suppose 4*u - 27 - x = 0. Let i be 3/9 - u/(-6). Let m(r) = -r**3 + 3*r**2 + 3*r - 1. Give m(i).
-5
Let s(k) = 6*k + 1. Suppose 2*d - 3 = -b, 9*b - 71 = 4*b + 4*d. Let y = -16 + b. Let o be y + 3 - 2/(-2). Calculate s(o).
-5
Let g(i) = 0*i + 5*i - 1 - 5 - 4*i. Let o be g(3). Let v(x) = -x**2 - 2*x - 1. Determine v(o).
-4
Let p(l) be the third derivative of -l**5/60 + 5*l**4/24 + l**3/2 + l**2. Suppose 0 = 3*j - 10 - 2. Suppose 31 = j*y + 11. What is p(y)?
3
Let v(j) = -j - 3*j + 1 - 2*j**3 + 4*j. Let m = 3 - -2. Let f = m - 4. Give v(f).
-1
Let g(o) be the first derivative of -o**4/2 - 4*o**3/3 - o**2 + 2*o + 1. Suppose -2*i - 1 = 2*a + 1, -3*a = -5*i + 11. Give g(a).
6
Let t be ((-2)/(-2))/((-1)/2). Let v(x) = x**2 - x - 1. What is v(t)?
5
Suppose 3*s = 5*l - 34, -l + 3*s - 5*s - 1 = 0. Let q(g) = -4 + g + l + 4*g**3 - 5*g**3. Give q(-1).
1
Let h be 6/9*-1*-6. Suppose -h*z + 3 + 1 = 0. Let q(k) = k**2 - k**2 + 1 - 3*k**2. Calculate q(z).
-2
Let l = -9 + 13. Suppose l*g = 4*y - 1 + 17, 5*g = 4*y + 20. Let s(m) = -m**2 + m - 10. Give s(y).
-10
Let v(p) be the second derivative of 5*p**3/6 - 3*p**2/2 + p. What is v(-4)?
-23
Let w(g) = -g. Let m = 26 + -30. What is w(m)?
4
Let z be -1*(-2)/2 + 1. Let c(h) be the second derivative of 0 - 1/2*h**4 - z*h + 1/2*h**2 + 0*h**3. Give c(1).
-5
Suppose -2*y - c + 5 = 0, -5*c + 6*c + 10 = 3*y. Let l(v) = -4*v**3 - 3*v**3 + 3*v**3 + 3*v**2 - 2*v + y + 3*v**3. Give l(2).
3
Let d(r) be the second derivative of 1/12*r**4 + 1/2*r**2 - 2*r + 0 + 1/6*r**3. Give d(-1).
1
Let y(j) = -6*j**2 + 7*j - 2 - 4 - j - j**3. Let z(h) = -h**2 + 22*h + 16. Let i be z(23). Calculate y(i).
1
Let m(p) = p**3 + 2*p**2 + 2*p + 1. Let n(w) = w**2 - 8*w - 2. Let o be n(8). Determine m(o).
-3
Let r(t) = -t**3 - 5*t**2 + 7*t + 5. Let v(z) = -2*z**3 - z. Let g be v(-1). Let h be (7 - 1)/(2 - g). Calculate r(h).
-1
Let v(x) = -x**2 + 5*x + 7. Let f = 10 - 4. Determine v(f).
1
Let r(c) = -3*c. Suppose -5*u - 4 = -14, 2*u - 34 = -3*v. Suppose 10 + v = 5*o. Determine r(o).
-12
Let r(x) = x - 8. Let y be r(8). Let k(u) be the third derivative of -1/30*u**5 - 1/2*u**3 + 1/12*u**4 - 1/120*u**6 + y + 2*u**2 + 0*u. Calculate k(-3).
0
Let k(i) = -2 - 31*i + 2*i**2 + 31*i. Suppose -3 = -3*h + 4*h. Let l be (-1)/2*(1 - h). Determine k(l).
6
Suppose -24 = -2*q + 10. Suppose -4*d = -q - 3. Suppose 0*w - d*w = 10. Let g(j) = -j**2 + 2. What is g(w)?
-2
Let g(x) = -5*x - 1. Let d be (-55)/(-5) - (3 + -1). Let t be 3/d - (-2)/3. Calculate g(t).
-6
Let a(i) be the third derivative of i**6/720 - i**5/120 + i**4/24 + 3*i**2. Let v(n) be the second derivative of a(n). What is v(-3)?
-4
Let k(a) = -a**3 - 5*a**2 + 4*a - 6. Let f be 1 + 0/(-5 + 2). Let z = -5 - f. Determine k(z).
6
Let f(y) be the third derivative of -y**6/120 - y**5/15 + y**4/4 - y**3/2 - 2*y**2. Suppose 4*h = -h + 10. Let a be (-7 - (-2)/h) + 1. Determine f(a).
-8
Let z(m) = -m**2 - 3*m. Let k(w) = 3*w. Let c(p) = -3*k(p) - 2*z(p). What is c(2)?
2
Let a(h) be the third derivative of h**6/40 - h**5/60 - h**4/24 + h**3/6 + 11*h**2. Calculate a(1).
2
Let p(d) be the third derivative of -d**4/24 - d**3 - 6*d**2. What is p(0)?
-6
Let p(r) = r**3 + 6*r**2 - 8*r - 10. Let g(j) = -j**3 + 4*j**2 + 7*j. Let a be g(5). Let m = -17 + a. Calculate p(m).
-3
Let q(o) = 6*o + 7. Let n(t) = -5*t - 6. Suppose -3*g + 18 = -0*g. Suppose 4*w + 3 = 31. Let b(m) = g*q(m) + w*n(m). What is b(4)?
4
Let m be (-2)/10 + (-35)/(-50). Let a(x) be the third derivative of 0 + 1/30*x**5 + m*x**3 + 1/120*x**6 + 0*x + 1/12*x**4 + x**2. What is a(-2)?
-1
Let l = 26 + -21. Suppose -j = z - 4, 4*j - l*z - 13 = 21. Let d(s) = -s**2 + 4*s + 4. Give d(j).
-8
Let a = 29 + -9. Suppose -r - 4*r - q = 21, -4*r - a = 4*q. Let k(v) = 3*v + 1. Let f(h) = -7*h - 2. Let y(o) = r*f(o) - 9*k(o). Give y(2).
1
Let d(u) = 18*u + 11. Let o(h) = 12*h + 7. Let i(k) = -5*d(k) + 8*o(k). What is i(2)?
13
Let o(v) = -11*v - 1. Let z(a) = -5*a. Suppose -5*c = -2*c + 39. Let q(g) = c*z(g) + 6*o(g). Let n be (18/15)/((-2)/5). What is q(n)?
-3
Let v be (-5)/(40/6)*-12. Let o(s) = 7 - 2 - v - 6*s + s**2. Give o(6).
-4
Let m(h) = h - 4. Suppose r + r = 0. What is m(r)?
-4
Let d(m) = m**2 + 8*m - 2. Let k(t) = -t**2 - 7*t + 3. Let z(x) = -6*d(x) - 7*k(x). Give z(0).
-9
Let j(r) = r**3 - r**2 - r - 4. Let l = -22 + 22. Give j(l).
-4
Let n(s) = -8*s - 1. Let p(b) = 9*b + 1. Let i(a) = 7*n(a) + 6*p(a). Determine i(4).
-9
Let y = 1 - 2. Let x(m) = m**2 + 1. Give x(y).
2
Let l be 1 - 4/(40/5). Let p(q) be the third derivative of 0*q + 0 - 1/4*q**4 - l*q**3 - 3*q**2. Determine p(-2).
9
Let v(u) = u**2 - 7*u + 4. Let j(t) = -t**2 + 3*t + 4. Let z be j(3). Let a(f) = -f - 1. Let q be a(-3). Suppose z*k = 16, r - 6 - q = -k. Determine v(r).
-8
Let q(s) = -s**2 + 5*s. Let m be q(4). Let z be 48/22 + 2/(-11). Let t(f) = -3*f + m*f + f**2 - 2*f**z + 4. Determine t(4).
-8
Let o(v) = -v + 1. Let m(s) = -12*s + 8. Let z(w) = -2*m(w) + 22*o(w). Suppose -4*f = 2*j + 24, -2*f = -f + 2*j + 9. Determine z(f).
-4
Let s(x) be the third derivative of x**4/24 + 5*x**3/3 + 2*x**2. Let w be s(-8). Let b(q) = -q**3 + q**2 - 2*q + 1. Calculate b(w).
-7
Suppose -3*t + 4*h - 14 = 0, -t + 8 = 2*h - 4. Let y(x) = 1 + x - 2 - x**t + 1. What is y(0)?
0
Let b = -8 - -14. Let o(q) = 5*q + 3 - b + 2*q**2 - q + q**3 - 7*q**2. Give o(4).
-3
Let c(i) = -i + 1. Let y be (3/2)/(1/2). Suppose -z + 24 = -2*q, 2*q = -3*z + 46 + 18. Suppose y*t - 3*g = -9, -6 = -3*t - 4*g - z. Give c(t).
5
Let x(z) be the first derivative of -z**2/2 + 9*z + 9. Calculate x(4).
5
Let s(b) be the third derivative of b**5/60 - 3*b**2. Determine s(0).
0
Let b(k) be the first derivative of k**4/24 + k**3/2 + 7*k**2/2 - 1. Let t(c) be the second derivative of b(c). Calculate t(-5).
-2
Let w(r) = -2*r**2 + 10*r + 1. Let s be w(5). Let n(x) = -8*x**3 + 2*x**2 - x. Give n(s).
-7
Let q(r) = -r**2 - r. Let s be q(-1). Let x(n) = n + 4. Let d be x(s). Let o be 8/d - 0/(-2). Let p(c) = -2*c - 1. Calculate p(o).
-5
Let p(n) = -n**2 - n + 6. Let d be 2 + (-2 + 0)/1. Suppose d*y - 10 = -y - 2*g, -5*y - 5 = -g. Let x be (2/(-2))/1*y. What is p(x)?
6
Suppose 5 = -3*m + 14. Suppose -11 + m = 2*z. Let t(p) = p**3 + 3*p**2 - 3*p - 4. Give t(z).
-8
Let c(d) = d + 1. Let i(r) = 2*r**2 + 14*r 